{"id":603,"date":"2017-12-26T14:24:44","date_gmt":"2017-12-26T14:24:44","guid":{"rendered":"http:\/\/xtratheme.com\/building\/?page_id=603"},"modified":"2024-08-12T12:03:49","modified_gmt":"2024-08-12T10:03:49","slug":"sample-elm","status":"publish","type":"page","link":"https:\/\/tunisiestand.com\/?page_id=603","title":{"rendered":"Conception 3D"},"content":{"rendered":"<section class=\"wpb-content-wrapper\"><p>[vc_row][vc_column width=\u00a0\u00bb1\/2&Prime;]<div id=\"cz_12818\" class=\"cz_12818 cz_title clr cz_title_pos_inline\"><div class=\"cz_title_content\"><span class=\"cz_line_side_solo\">_<\/span><div class=\"cz_wpe_content\"><h3 style=\"text-align: left;\"><span style=\"color: #000000;\">Conception 3D<\/span><\/h3>\n<p style=\"text-align: left;\">UNE \u00e9quipe de designers form\u00e9e en interne \u00e0 votre service<\/p>\n<\/div><\/div><\/div><div class=\"cz_gap clr \" style=\"height: 25px\"><\/div>[vc_column_text]<\/p>\n<div style=\"line-height: 1.3; text-align: justify;\"><span style=\"font-size: 16px;\">Notre \u00e9quipe de designers 3D s\u2019adapte \u00e0 vos besoins et aux derni\u00e8res tendances. Nous inventons sans cesse des mod\u00e8les pour s\u2019adapter \u00e0 l\u2019image de votre marque. Nous cr\u00e9ons des designs appropri\u00e9s \u00e0 votre communication pour g\u00e9n\u00e9rer un maximum de trafic sur votre stand. Nos designers travaillent avec vous pour cr\u00e9er le stand conforme \u00e0 votre objectif marketing.<\/span><\/div>\n<p>[\/vc_column_text][\/vc_column][vc_column width=\u00a0\u00bb1\/2&Prime;]<div id=\"cz_93562\" class=\"cz_93562 cz_image clr cz_image_no_fx center_on_mobile\"><div class=\"\" ><div class=\"cz_image_in\"><div class=\"cz_main_image\"><img fetchpriority=\"high\" decoding=\"async\" width=\"1600\" height=\"900\" src=\"data:image\/svg+xml,%3Csvg%20xmlns%3D&#39;http%3A%2F%2Fwww.w3.org%2F2000%2Fsvg&#39;%20width=&#39;1600&#39;%20height=&#39;900&#39;%20viewBox%3D&#39;0%200%201600%20900&#39;%2F%3E\" data-czlz data-src=\"https:\/\/tunisiestand.com\/wp-content\/uploads\/2024\/07\/3-D-de-EMP-Vue-1.jpg\" class=\"attachment-full\" alt=\"\" title=\"3 D de EMP Vue 1\" data-srcset=\"https:\/\/tunisiestand.com\/wp-content\/uploads\/2024\/07\/3-D-de-EMP-Vue-1.jpg 1600w, https:\/\/tunisiestand.com\/wp-content\/uploads\/2024\/07\/3-D-de-EMP-Vue-1-1000x563.jpg 1000w, https:\/\/tunisiestand.com\/wp-content\/uploads\/2024\/07\/3-D-de-EMP-Vue-1-300x169.jpg 300w, https:\/\/tunisiestand.com\/wp-content\/uploads\/2024\/07\/3-D-de-EMP-Vue-1-1024x576.jpg 1024w, https:\/\/tunisiestand.com\/wp-content\/uploads\/2024\/07\/3-D-de-EMP-Vue-1-768x432.jpg 768w, https:\/\/tunisiestand.com\/wp-content\/uploads\/2024\/07\/3-D-de-EMP-Vue-1-1536x864.jpg 1536w, https:\/\/tunisiestand.com\/wp-content\/uploads\/2024\/07\/3-D-de-EMP-Vue-1-600x338.jpg 600w\" data-sizes=\"(max-width: 1600px) 100vw, 1600px\" \/><\/div><\/div><\/div><\/div>[\/vc_column][\/vc_row][vc_row][vc_column]<div class=\"cz_gap clr \" style=\"height: 100px\"><\/div>[\/vc_column][\/vc_row][vc_row][vc_column width=\u00a0\u00bb1\/2&Prime;]<div id=\"cz_95489\" class=\"cz_95489 cz_image clr cz_image_no_fx center_on_mobile\"><div class=\"\" ><div class=\"cz_image_in\" data-tilt><div class=\"cz_main_image\"><img decoding=\"async\" width=\"1600\" height=\"900\" src=\"data:image\/svg+xml,%3Csvg%20xmlns%3D&#39;http%3A%2F%2Fwww.w3.org%2F2000%2Fsvg&#39;%20width=&#39;1600&#39;%20height=&#39;900&#39;%20viewBox%3D&#39;0%200%201600%20900&#39;%2F%3E\" data-czlz data-src=\"https:\/\/tunisiestand.com\/wp-content\/uploads\/2024\/07\/3D-de-stand-24m\u00b2-GITAS-et-FIPA-Vue-1.jpg\" class=\"attachment-full\" alt=\"\" title=\"3D de stand 24m\u00b2 GITAS et FIPA Vue 1\" data-srcset=\"https:\/\/tunisiestand.com\/wp-content\/uploads\/2024\/07\/3D-de-stand-24m\u00b2-GITAS-et-FIPA-Vue-1.jpg 1600w, https:\/\/tunisiestand.com\/wp-content\/uploads\/2024\/07\/3D-de-stand-24m\u00b2-GITAS-et-FIPA-Vue-1-1000x563.jpg 1000w, https:\/\/tunisiestand.com\/wp-content\/uploads\/2024\/07\/3D-de-stand-24m\u00b2-GITAS-et-FIPA-Vue-1-300x169.jpg 300w, https:\/\/tunisiestand.com\/wp-content\/uploads\/2024\/07\/3D-de-stand-24m\u00b2-GITAS-et-FIPA-Vue-1-1024x576.jpg 1024w, https:\/\/tunisiestand.com\/wp-content\/uploads\/2024\/07\/3D-de-stand-24m\u00b2-GITAS-et-FIPA-Vue-1-768x432.jpg 768w, https:\/\/tunisiestand.com\/wp-content\/uploads\/2024\/07\/3D-de-stand-24m\u00b2-GITAS-et-FIPA-Vue-1-1536x864.jpg 1536w, https:\/\/tunisiestand.com\/wp-content\/uploads\/2024\/07\/3D-de-stand-24m\u00b2-GITAS-et-FIPA-Vue-1-600x338.jpg 600w\" data-sizes=\"(max-width: 1600px) 100vw, 1600px\" \/><\/div><\/div><\/div><\/div>[\/vc_column][vc_column width=\u00a0\u00bb1\/2&Prime; css=\u00a0\u00bb.vc_custom_1506519213325{padding-left: 35px !important;}\u00a0\u00bb]<div id=\"cz_77328\" class=\"cz_77328 cz_title clr cz_title_ba_line cz_title_pos_inline\"><div class=\"cz_title_content\"><div class=\"cz_wpe_content\"><h3 style=\"text-align: left;\">Notre objectif : cr\u00e9er le support id\u00e9al pour votre entreprise<\/h3>\n<\/div><div class=\"cz_title_line cz_line_after_title\"><span>_<\/span><\/div><\/div><\/div><div class=\"cz_gap clr \" style=\"height: 45px\"><\/div>[vc_column_text]<\/p>\n<div style=\"line-height: 1.3; text-align: justify;\"><span style=\"font-size: 16px; font-weight: 300; font-family: Verdana, Geneva; line-height: 1.5;\">Notre \u00e9quipe de designers experts en C.A.O. cr\u00e9e pour vous le design pour votre stand d\u2019exposition. Votre stand vous repr\u00e9sente. Il doit donc mettre en valeur vos produits et services pour offrir \u00e0 vos visiteurs la meilleure visite possible.<\/span><\/div>\n<p>[\/vc_column_text]<div class=\"cz_gap clr \" style=\"height: 10px\"><\/div>[\/vc_column][\/vc_row][vc_row][vc_column]<div class=\"cz_gap clr \" style=\"height: 100px\"><\/div>[\/vc_column][\/vc_row][vc_row][vc_column][vc_custom_heading text=\u00a0\u00bbExemples de mod\u00e8les de stands d&rsquo;exposition 3D\u00a0\u00bb font_container=\u00a0\u00bbtag:h2|font_size:25|text_align:center\u00a0\u00bb][\/vc_column][\/vc_row][vc_row][vc_column]<div id=\"cz_53857\" class=\"cz_grid_p cz_53857\"><div class=\"cz_grid cz_grid_1 clr cz_grid_c4 cz_grid_1_no_title cz_grid_1_mid tac\"><div class=\"cz_grid_item cz_grid_first\"><\/div><div class=\"cz_grid_item \"><div><a class=\"cz_grid_link \" href=\"https:\/\/tunisiestand.com\/wp-content\/uploads\/2024\/08\/conception-vue-1.jpg\" data-xtra-lightbox><img decoding=\"async\" width=\"600\" height=\"600\" src=\"data:image\/svg+xml,%3Csvg%20xmlns%3D&#39;http%3A%2F%2Fwww.w3.org%2F2000%2Fsvg&#39;%20width=&#39;600&#39;%20height=&#39;600&#39;%20viewBox%3D&#39;0%200%20600%20600&#39;%2F%3E\" data-czlz data-src=\"https:\/\/tunisiestand.com\/wp-content\/uploads\/2024\/08\/conception-vue-1-600x600.jpg\" class=\"attachment-codevz_600_600\" alt=\"\" title=\"conception vue 1\" data-srcset=\"https:\/\/tunisiestand.com\/wp-content\/uploads\/2024\/08\/conception-vue-1-600x600.jpg 600w, https:\/\/tunisiestand.com\/wp-content\/uploads\/2024\/08\/conception-vue-1-100x100.jpg 100w, https:\/\/tunisiestand.com\/wp-content\/uploads\/2024\/08\/conception-vue-1-150x150.jpg 150w\" data-sizes=\"(max-width: 600px) 100vw, 600px\" \/><div class=\"cz_grid_details\"><i class=\"fa fa-search cz_grid_icon\"><\/i><\/div><\/a><\/div><\/div><div class=\"cz_grid_item \"><div><a class=\"cz_grid_link \" href=\"https:\/\/tunisiestand.com\/wp-content\/uploads\/2024\/08\/conception-vue-3.jpg\" data-xtra-lightbox><img loading=\"lazy\" decoding=\"async\" width=\"600\" height=\"600\" src=\"data:image\/svg+xml,%3Csvg%20xmlns%3D&#39;http%3A%2F%2Fwww.w3.org%2F2000%2Fsvg&#39;%20width=&#39;600&#39;%20height=&#39;600&#39;%20viewBox%3D&#39;0%200%20600%20600&#39;%2F%3E\" data-czlz data-src=\"https:\/\/tunisiestand.com\/wp-content\/uploads\/2024\/08\/conception-vue-3-600x600.jpg\" class=\"attachment-codevz_600_600\" alt=\"\" title=\"conception vue 3\" data-srcset=\"https:\/\/tunisiestand.com\/wp-content\/uploads\/2024\/08\/conception-vue-3-600x600.jpg 600w, https:\/\/tunisiestand.com\/wp-content\/uploads\/2024\/08\/conception-vue-3-100x100.jpg 100w, https:\/\/tunisiestand.com\/wp-content\/uploads\/2024\/08\/conception-vue-3-150x150.jpg 150w\" data-sizes=\"(max-width: 600px) 100vw, 600px\" \/><div class=\"cz_grid_details\"><i class=\"fa fa-search cz_grid_icon\"><\/i><\/div><\/a><\/div><\/div><div class=\"cz_grid_item \"><div><a class=\"cz_grid_link \" href=\"https:\/\/tunisiestand.com\/wp-content\/uploads\/2024\/08\/conception-vue-2.jpg\" data-xtra-lightbox><img loading=\"lazy\" decoding=\"async\" width=\"600\" height=\"600\" src=\"data:image\/svg+xml,%3Csvg%20xmlns%3D&#39;http%3A%2F%2Fwww.w3.org%2F2000%2Fsvg&#39;%20width=&#39;600&#39;%20height=&#39;600&#39;%20viewBox%3D&#39;0%200%20600%20600&#39;%2F%3E\" data-czlz data-src=\"https:\/\/tunisiestand.com\/wp-content\/uploads\/2024\/08\/conception-vue-2-600x600.jpg\" class=\"attachment-codevz_600_600\" alt=\"\" title=\"conception vue 2\" data-srcset=\"https:\/\/tunisiestand.com\/wp-content\/uploads\/2024\/08\/conception-vue-2-600x600.jpg 600w, https:\/\/tunisiestand.com\/wp-content\/uploads\/2024\/08\/conception-vue-2-100x100.jpg 100w, https:\/\/tunisiestand.com\/wp-content\/uploads\/2024\/08\/conception-vue-2-150x150.jpg 150w\" data-sizes=\"(max-width: 600px) 100vw, 600px\" \/><div class=\"cz_grid_details\"><i class=\"fa fa-search cz_grid_icon\"><\/i><\/div><\/a><\/div><\/div><div class=\"cz_grid_item \"><div><a class=\"cz_grid_link \" href=\"https:\/\/tunisiestand.com\/wp-content\/uploads\/2024\/07\/3-D-de-EMP-Vue-1-1.jpg\" data-xtra-lightbox><img loading=\"lazy\" decoding=\"async\" width=\"600\" height=\"600\" src=\"data:image\/svg+xml,%3Csvg%20xmlns%3D&#39;http%3A%2F%2Fwww.w3.org%2F2000%2Fsvg&#39;%20width=&#39;600&#39;%20height=&#39;600&#39;%20viewBox%3D&#39;0%200%20600%20600&#39;%2F%3E\" data-czlz data-src=\"https:\/\/tunisiestand.com\/wp-content\/uploads\/2024\/07\/3-D-de-EMP-Vue-1-1-600x600.jpg\" class=\"attachment-codevz_600_600\" alt=\"\" title=\"3 D de EMP Vue 1\" data-srcset=\"https:\/\/tunisiestand.com\/wp-content\/uploads\/2024\/07\/3-D-de-EMP-Vue-1-1-600x600.jpg 600w, https:\/\/tunisiestand.com\/wp-content\/uploads\/2024\/07\/3-D-de-EMP-Vue-1-1-100x100.jpg 100w, https:\/\/tunisiestand.com\/wp-content\/uploads\/2024\/07\/3-D-de-EMP-Vue-1-1-150x150.jpg 150w\" data-sizes=\"(max-width: 600px) 100vw, 600px\" \/><div class=\"cz_grid_details\"><i class=\"fa fa-search cz_grid_icon\"><\/i><\/div><\/a><\/div><\/div><div class=\"cz_grid_item \"><div><a class=\"cz_grid_link \" href=\"https:\/\/tunisiestand.com\/wp-content\/uploads\/2024\/07\/3D-cca-16042024-Vue-1.jpg\" data-xtra-lightbox><img loading=\"lazy\" decoding=\"async\" width=\"600\" height=\"600\" src=\"data:image\/svg+xml,%3Csvg%20xmlns%3D&#39;http%3A%2F%2Fwww.w3.org%2F2000%2Fsvg&#39;%20width=&#39;600&#39;%20height=&#39;600&#39;%20viewBox%3D&#39;0%200%20600%20600&#39;%2F%3E\" data-czlz data-src=\"https:\/\/tunisiestand.com\/wp-content\/uploads\/2024\/07\/3D-cca-16042024-Vue-1-600x600.jpg\" class=\"attachment-codevz_600_600\" alt=\"\" title=\"3D cca 16042024 Vue 1\" data-srcset=\"https:\/\/tunisiestand.com\/wp-content\/uploads\/2024\/07\/3D-cca-16042024-Vue-1-600x600.jpg 600w, https:\/\/tunisiestand.com\/wp-content\/uploads\/2024\/07\/3D-cca-16042024-Vue-1-100x100.jpg 100w, https:\/\/tunisiestand.com\/wp-content\/uploads\/2024\/07\/3D-cca-16042024-Vue-1-150x150.jpg 150w\" data-sizes=\"(max-width: 600px) 100vw, 600px\" \/><div class=\"cz_grid_details\"><i class=\"fa fa-search cz_grid_icon\"><\/i><\/div><\/a><\/div><\/div><div class=\"cz_grid_item \"><div><a class=\"cz_grid_link \" href=\"https:\/\/tunisiestand.com\/wp-content\/uploads\/2024\/07\/3D-cca-16042024-Vue-3.jpg\" data-xtra-lightbox><img loading=\"lazy\" decoding=\"async\" width=\"600\" height=\"600\" src=\"data:image\/svg+xml,%3Csvg%20xmlns%3D&#39;http%3A%2F%2Fwww.w3.org%2F2000%2Fsvg&#39;%20width=&#39;600&#39;%20height=&#39;600&#39;%20viewBox%3D&#39;0%200%20600%20600&#39;%2F%3E\" data-czlz data-src=\"https:\/\/tunisiestand.com\/wp-content\/uploads\/2024\/07\/3D-cca-16042024-Vue-3-600x600.jpg\" class=\"attachment-codevz_600_600\" alt=\"\" title=\"3D cca 16042024 Vue 3\" data-srcset=\"https:\/\/tunisiestand.com\/wp-content\/uploads\/2024\/07\/3D-cca-16042024-Vue-3-600x600.jpg 600w, https:\/\/tunisiestand.com\/wp-content\/uploads\/2024\/07\/3D-cca-16042024-Vue-3-100x100.jpg 100w, https:\/\/tunisiestand.com\/wp-content\/uploads\/2024\/07\/3D-cca-16042024-Vue-3-150x150.jpg 150w\" data-sizes=\"(max-width: 600px) 100vw, 600px\" \/><div class=\"cz_grid_details\"><i class=\"fa fa-search cz_grid_icon\"><\/i><\/div><\/a><\/div><\/div><div class=\"cz_grid_item \"><div><a class=\"cz_grid_link \" href=\"https:\/\/tunisiestand.com\/wp-content\/uploads\/2024\/07\/3D-de-stand-24m\u00b2-GITAS-et-FIPA-Vue-1-1.jpg\" data-xtra-lightbox><img loading=\"lazy\" decoding=\"async\" width=\"600\" height=\"600\" src=\"data:image\/svg+xml,%3Csvg%20xmlns%3D&#39;http%3A%2F%2Fwww.w3.org%2F2000%2Fsvg&#39;%20width=&#39;600&#39;%20height=&#39;600&#39;%20viewBox%3D&#39;0%200%20600%20600&#39;%2F%3E\" data-czlz data-src=\"https:\/\/tunisiestand.com\/wp-content\/uploads\/2024\/07\/3D-de-stand-24m\u00b2-GITAS-et-FIPA-Vue-1-1-600x600.jpg\" class=\"attachment-codevz_600_600\" alt=\"\" title=\"3D de stand 24m\u00b2 GITAS et FIPA Vue 1\" data-srcset=\"https:\/\/tunisiestand.com\/wp-content\/uploads\/2024\/07\/3D-de-stand-24m\u00b2-GITAS-et-FIPA-Vue-1-1-600x600.jpg 600w, https:\/\/tunisiestand.com\/wp-content\/uploads\/2024\/07\/3D-de-stand-24m\u00b2-GITAS-et-FIPA-Vue-1-1-100x100.jpg 100w, https:\/\/tunisiestand.com\/wp-content\/uploads\/2024\/07\/3D-de-stand-24m\u00b2-GITAS-et-FIPA-Vue-1-1-150x150.jpg 150w\" data-sizes=\"(max-width: 600px) 100vw, 600px\" \/><div class=\"cz_grid_details\"><i class=\"fa fa-search cz_grid_icon\"><\/i><\/div><\/a><\/div><\/div><div class=\"cz_grid_item \"><div><a class=\"cz_grid_link \" href=\"https:\/\/tunisiestand.com\/wp-content\/uploads\/2024\/07\/3D-de-stand-24m\u00b2-GITAS-et-FIPA-Vue-2.jpg\" data-xtra-lightbox><img loading=\"lazy\" decoding=\"async\" width=\"600\" height=\"600\" src=\"data:image\/svg+xml,%3Csvg%20xmlns%3D&#39;http%3A%2F%2Fwww.w3.org%2F2000%2Fsvg&#39;%20width=&#39;600&#39;%20height=&#39;600&#39;%20viewBox%3D&#39;0%200%20600%20600&#39;%2F%3E\" data-czlz data-src=\"https:\/\/tunisiestand.com\/wp-content\/uploads\/2024\/07\/3D-de-stand-24m\u00b2-GITAS-et-FIPA-Vue-2-600x600.jpg\" class=\"attachment-codevz_600_600\" alt=\"\" title=\"3D de stand 24m\u00b2 GITAS et FIPA Vue 2\" data-srcset=\"https:\/\/tunisiestand.com\/wp-content\/uploads\/2024\/07\/3D-de-stand-24m\u00b2-GITAS-et-FIPA-Vue-2-600x600.jpg 600w, https:\/\/tunisiestand.com\/wp-content\/uploads\/2024\/07\/3D-de-stand-24m\u00b2-GITAS-et-FIPA-Vue-2-100x100.jpg 100w, https:\/\/tunisiestand.com\/wp-content\/uploads\/2024\/07\/3D-de-stand-24m\u00b2-GITAS-et-FIPA-Vue-2-150x150.jpg 150w\" data-sizes=\"(max-width: 600px) 100vw, 600px\" \/><div class=\"cz_grid_details\"><i class=\"fa fa-search cz_grid_icon\"><\/i><\/div><\/a><\/div><\/div><div class=\"cz_grid_item \"><div><a class=\"cz_grid_link \" href=\"https:\/\/tunisiestand.com\/wp-content\/uploads\/2024\/07\/Cofitel-vue-1.jpg\" data-xtra-lightbox><img loading=\"lazy\" decoding=\"async\" width=\"600\" height=\"600\" src=\"data:image\/svg+xml,%3Csvg%20xmlns%3D&#39;http%3A%2F%2Fwww.w3.org%2F2000%2Fsvg&#39;%20width=&#39;600&#39;%20height=&#39;600&#39;%20viewBox%3D&#39;0%200%20600%20600&#39;%2F%3E\" data-czlz data-src=\"https:\/\/tunisiestand.com\/wp-content\/uploads\/2024\/07\/Cofitel-vue-1-600x600.jpg\" class=\"attachment-codevz_600_600\" alt=\"\" title=\"Cofitel vue 1\" data-srcset=\"https:\/\/tunisiestand.com\/wp-content\/uploads\/2024\/07\/Cofitel-vue-1-600x600.jpg 600w, https:\/\/tunisiestand.com\/wp-content\/uploads\/2024\/07\/Cofitel-vue-1-100x100.jpg 100w, https:\/\/tunisiestand.com\/wp-content\/uploads\/2024\/07\/Cofitel-vue-1-150x150.jpg 150w\" data-sizes=\"(max-width: 600px) 100vw, 600px\" \/><div class=\"cz_grid_details\"><i class=\"fa fa-search cz_grid_icon\"><\/i><\/div><\/a><\/div><\/div><div class=\"cz_grid_item \"><div><a class=\"cz_grid_link \" href=\"https:\/\/tunisiestand.com\/wp-content\/uploads\/2024\/07\/gitas-vue-1.jpg\" data-xtra-lightbox><img loading=\"lazy\" decoding=\"async\" width=\"600\" height=\"600\" src=\"data:image\/svg+xml,%3Csvg%20xmlns%3D&#39;http%3A%2F%2Fwww.w3.org%2F2000%2Fsvg&#39;%20width=&#39;600&#39;%20height=&#39;600&#39;%20viewBox%3D&#39;0%200%20600%20600&#39;%2F%3E\" data-czlz data-src=\"https:\/\/tunisiestand.com\/wp-content\/uploads\/2024\/07\/gitas-vue-1-600x600.jpg\" class=\"attachment-codevz_600_600\" alt=\"\" title=\"gitas vue 1\" data-srcset=\"https:\/\/tunisiestand.com\/wp-content\/uploads\/2024\/07\/gitas-vue-1-600x600.jpg 600w, https:\/\/tunisiestand.com\/wp-content\/uploads\/2024\/07\/gitas-vue-1-100x100.jpg 100w, https:\/\/tunisiestand.com\/wp-content\/uploads\/2024\/07\/gitas-vue-1-150x150.jpg 150w\" data-sizes=\"(max-width: 600px) 100vw, 600px\" \/><div class=\"cz_grid_details\"><i class=\"fa fa-search cz_grid_icon\"><\/i><\/div><\/a><\/div><\/div><div class=\"cz_grid_item \"><div><a class=\"cz_grid_link \" href=\"https:\/\/tunisiestand.com\/wp-content\/uploads\/2024\/07\/gitas-vue-3.jpg\" data-xtra-lightbox><img loading=\"lazy\" decoding=\"async\" width=\"600\" height=\"600\" src=\"data:image\/svg+xml,%3Csvg%20xmlns%3D&#39;http%3A%2F%2Fwww.w3.org%2F2000%2Fsvg&#39;%20width=&#39;600&#39;%20height=&#39;600&#39;%20viewBox%3D&#39;0%200%20600%20600&#39;%2F%3E\" data-czlz data-src=\"https:\/\/tunisiestand.com\/wp-content\/uploads\/2024\/07\/gitas-vue-3-600x600.jpg\" class=\"attachment-codevz_600_600\" alt=\"\" title=\"gitas vue 3\" data-srcset=\"https:\/\/tunisiestand.com\/wp-content\/uploads\/2024\/07\/gitas-vue-3-600x600.jpg 600w, https:\/\/tunisiestand.com\/wp-content\/uploads\/2024\/07\/gitas-vue-3-100x100.jpg 100w, https:\/\/tunisiestand.com\/wp-content\/uploads\/2024\/07\/gitas-vue-3-150x150.jpg 150w\" data-sizes=\"(max-width: 600px) 100vw, 600px\" \/><div class=\"cz_grid_details\"><i class=\"fa fa-search cz_grid_icon\"><\/i><\/div><\/a><\/div><\/div><div class=\"cz_grid_item \"><div><a class=\"cz_grid_link \" href=\"https:\/\/tunisiestand.com\/wp-content\/uploads\/2024\/07\/Stand-24-m\u00b2-GITAS-et-FIPPA-vue-4.jpg\" data-xtra-lightbox><img loading=\"lazy\" decoding=\"async\" width=\"600\" height=\"600\" src=\"data:image\/svg+xml,%3Csvg%20xmlns%3D&#39;http%3A%2F%2Fwww.w3.org%2F2000%2Fsvg&#39;%20width=&#39;600&#39;%20height=&#39;600&#39;%20viewBox%3D&#39;0%200%20600%20600&#39;%2F%3E\" data-czlz data-src=\"https:\/\/tunisiestand.com\/wp-content\/uploads\/2024\/07\/Stand-24-m\u00b2-GITAS-et-FIPPA-vue-4-600x600.jpg\" class=\"attachment-codevz_600_600\" alt=\"\" title=\"Stand 24 m\u00b2 (GITAS et FIPPA) vue 4\" data-srcset=\"https:\/\/tunisiestand.com\/wp-content\/uploads\/2024\/07\/Stand-24-m\u00b2-GITAS-et-FIPPA-vue-4-600x600.jpg 600w, https:\/\/tunisiestand.com\/wp-content\/uploads\/2024\/07\/Stand-24-m\u00b2-GITAS-et-FIPPA-vue-4-100x100.jpg 100w, https:\/\/tunisiestand.com\/wp-content\/uploads\/2024\/07\/Stand-24-m\u00b2-GITAS-et-FIPPA-vue-4-150x150.jpg 150w\" data-sizes=\"(max-width: 600px) 100vw, 600px\" \/><div class=\"cz_grid_details\"><i class=\"fa fa-search cz_grid_icon\"><\/i><\/div><\/a><\/div><\/div><div class=\"cz_grid_item \"><div><a class=\"cz_grid_link \" href=\"https:\/\/tunisiestand.com\/wp-content\/uploads\/2024\/07\/Stand-24-m\u00b2-GITAS-et-FIPPA-vue-5.jpg\" data-xtra-lightbox><img loading=\"lazy\" decoding=\"async\" width=\"600\" height=\"600\" src=\"data:image\/svg+xml,%3Csvg%20xmlns%3D&#39;http%3A%2F%2Fwww.w3.org%2F2000%2Fsvg&#39;%20width=&#39;600&#39;%20height=&#39;600&#39;%20viewBox%3D&#39;0%200%20600%20600&#39;%2F%3E\" data-czlz data-src=\"https:\/\/tunisiestand.com\/wp-content\/uploads\/2024\/07\/Stand-24-m\u00b2-GITAS-et-FIPPA-vue-5-600x600.jpg\" class=\"attachment-codevz_600_600\" alt=\"\" title=\"Stand 24 m\u00b2 (GITAS et FIPPA) vue 5\" data-srcset=\"https:\/\/tunisiestand.com\/wp-content\/uploads\/2024\/07\/Stand-24-m\u00b2-GITAS-et-FIPPA-vue-5-600x600.jpg 600w, https:\/\/tunisiestand.com\/wp-content\/uploads\/2024\/07\/Stand-24-m\u00b2-GITAS-et-FIPPA-vue-5-100x100.jpg 100w, https:\/\/tunisiestand.com\/wp-content\/uploads\/2024\/07\/Stand-24-m\u00b2-GITAS-et-FIPPA-vue-5-150x150.jpg 150w\" data-sizes=\"(max-width: 600px) 100vw, 600px\" \/><div class=\"cz_grid_details\"><i class=\"fa fa-search cz_grid_icon\"><\/i><\/div><\/a><\/div><\/div><div class=\"cz_grid_item \"><div><a class=\"cz_grid_link \" href=\"https:\/\/tunisiestand.com\/wp-content\/uploads\/2024\/07\/Stand-Aerotec-vue-1.jpg\" data-xtra-lightbox><img loading=\"lazy\" decoding=\"async\" width=\"600\" height=\"600\" src=\"data:image\/svg+xml,%3Csvg%20xmlns%3D&#39;http%3A%2F%2Fwww.w3.org%2F2000%2Fsvg&#39;%20width=&#39;600&#39;%20height=&#39;600&#39;%20viewBox%3D&#39;0%200%20600%20600&#39;%2F%3E\" data-czlz data-src=\"https:\/\/tunisiestand.com\/wp-content\/uploads\/2024\/07\/Stand-Aerotec-vue-1-600x600.jpg\" class=\"attachment-codevz_600_600\" alt=\"\" title=\"Stand Aerotec vue 1\" data-srcset=\"https:\/\/tunisiestand.com\/wp-content\/uploads\/2024\/07\/Stand-Aerotec-vue-1-600x600.jpg 600w, https:\/\/tunisiestand.com\/wp-content\/uploads\/2024\/07\/Stand-Aerotec-vue-1-100x100.jpg 100w, https:\/\/tunisiestand.com\/wp-content\/uploads\/2024\/07\/Stand-Aerotec-vue-1-150x150.jpg 150w\" data-sizes=\"(max-width: 600px) 100vw, 600px\" \/><div class=\"cz_grid_details\"><i class=\"fa fa-search cz_grid_icon\"><\/i><\/div><\/a><\/div><\/div><\/div><\/div>[\/vc_column][\/vc_row]<\/p>\n<\/section>","protected":false},"excerpt":{"rendered":"<p>[vc_row][vc_column width=\u00a0\u00bb1\/2&Prime;][vc_column_text] Notre \u00e9quipe de designers 3D s\u2019adapte \u00e0 vos besoins &#8230; <\/p>\n","protected":false},"author":1,"featured_media":0,"parent":0,"menu_order":0,"comment_status":"closed","ping_status":"closed","template":"","meta":{"footnotes":""},"class_list":["post-603","page","type-page","status-publish","hentry"],"_links":{"self":[{"href":"https:\/\/tunisiestand.com\/index.php?rest_route=\/wp\/v2\/pages\/603","targetHints":{"allow":["GET"]}}],"collection":[{"href":"https:\/\/tunisiestand.com\/index.php?rest_route=\/wp\/v2\/pages"}],"about":[{"href":"https:\/\/tunisiestand.com\/index.php?rest_route=\/wp\/v2\/types\/page"}],"author":[{"embeddable":true,"href":"https:\/\/tunisiestand.com\/index.php?rest_route=\/wp\/v2\/users\/1"}],"replies":[{"embeddable":true,"href":"https:\/\/tunisiestand.com\/index.php?rest_route=%2Fwp%2Fv2%2Fcomments&post=603"}],"version-history":[{"count":9,"href":"https:\/\/tunisiestand.com\/index.php?rest_route=\/wp\/v2\/pages\/603\/revisions"}],"predecessor-version":[{"id":2829,"href":"https:\/\/tunisiestand.com\/index.php?rest_route=\/wp\/v2\/pages\/603\/revisions\/2829"}],"wp:attachment":[{"href":"https:\/\/tunisiestand.com\/index.php?rest_route=%2Fwp%2Fv2%2Fmedia&parent=603"}],"curies":[{"name":"wp","href":"https:\/\/api.w.org\/{rel}","templated":true}]}}